
18
Let q(n) = -n**3 + 7*n**2 + 6*n - 5. Suppose 11*y = 16*y - 25. Let u be q(y). Calculate the highest common factor of 25 and u.
25
Suppose -3*v - 38 = 1. Let f = v + 28. Suppose 8*d + 105 = f*d. What is the highest common divisor of d and 30?
15
Let b be 285 + 4 + (-14 - -21). What is the highest common factor of b and 3108?
148
Let l(o) = 23*o**2 + 143*o + 1172. Let p be l(-9). What is the greatest common divisor of 276 and p?
92
Let g be ((-112)/(-252) - (-22)/(-9)) + 0. Let l be (-2)/(-4) + g/((-4)/71). Calculate the greatest common factor of 126 and l.
18
Suppose 830 + 87 = -7*l. Let f = -66 - l. What is the greatest common factor of 39 and f?
13
Suppose -2*g + 3096 = c, 5*c + 327*g - 324*g - 15522 = 0. What is the highest common factor of 592 and c?
148
Let u be (-243)/(-5) - (-171)/(-285). Calculate the highest common factor of u and 352.
16
Let s = 172 + -48. Suppose 0 = -4*x + 3*w + 396, 3*w = 86*x - 95*x + 813. Calculate the highest common divisor of x and s.
31
Let j be 24*(0 - -76)*150/30. Calculate the greatest common divisor of j and 95.
95
Let w(p) = 2*p**2 + 6*p - 8. Suppose 0 = -4*x - 2*i + 54, -1 = -i + 2. Let z = x + -17. Let y be w(z). Calculate the highest common divisor of 60 and y.
12
Let h(a) = -a**2 + 41*a - 133. Let x be h(14). Calculate the greatest common divisor of 455 and x.
35
Let n = 7036 - 7012. Calculate the greatest common factor of 132 and n.
12
Let d(v) = -3*v**3 + 4*v**2 + 3*v + 4. Let c(x) = x + 14. Let l be c(-17). Let f be d(l). Let y = f + -27. Calculate the highest common divisor of 17 and y.
17
Let t = -113 + 113. Suppose t = -2*y + 3*v + 83, 0 = -y - 13*v + 11*v + 24. What is the highest common divisor of 2 and y?
2
Let y = 60 - -230. Let m = -101 - -111. What is the highest common divisor of y and m?
10
Let m(n) = -n**3 + 25*n**2 - 144*n + 24. Let g be m(15). Let d be (14/4)/(g/39672). What is the greatest common divisor of d and 42?
42
Let k be (1 + 1)/((-8)/(-17901)) + 217/(-868). What is the highest common divisor of 75 and k?
25
Let l = 821 - 820. Let y = -22 - -38. What is the greatest common divisor of y and l?
1
Let l = -47 - -54. Let c be (1 + -8)*-2*100/8. Calculate the highest common factor of l and c.
7
Suppose -4*f + 1812 = -4*t, -12*f + 2*t = -14*f + 914. Let a = f - 453. Calculate the greatest common divisor of a and 70.
2
Suppose -5*s - 3*d - 432 = -9*s, -5*d = 0. Calculate the highest common divisor of 2322 and s.
54
Let j(a) = -177*a - 7705. Let l be j(-45). Calculate the highest common divisor of 2340 and l.
260
Suppose 39*h - 380 = 13*h + 36. What is the greatest common factor of 1 and h?
1
Let h = -3251 - -3332. Calculate the highest common divisor of 126 and h.
9
Suppose -73 = -3*p - 2*k, -2*p - k - 21 = -3*p. Suppose -4*s = -p*s + 171. Calculate the greatest common divisor of 4 and s.
1
Let s(d) = 36*d - 53. Let a be s(8). Suppose -163 + 53 = -22*v. Calculate the highest common factor of a and v.
5
Let l be ((-4)/8)/((-2)/48) + -7. Suppose k - 2*q - 89 = -0*k, -273 = -3*k + 4*q. Calculate the highest common divisor of l and k.
5
Let r = 4739 - 4579. Calculate the greatest common divisor of r and 2070.
10
Let x(f) be the third derivative of -3*f**3 - 21*f**2 + 1/4*f**4 + 0*f + 0. Let y be x(7). Calculate the highest common factor of 18 and y.
6
Suppose -10 = -4*s + 6. Let o(l) = -6 + 363*l**3 - 559*l**3 + 195*l**3 + 5*l**2. Let y be o(s). What is the greatest common divisor of 25 and y?
5
Let s = 9264 + -9203. What is the greatest common divisor of s and 183?
61
Suppose z + 6 = 0, 0 = -31*g + 29*g + 4*z + 36. Calculate the greatest common factor of 6414 and g.
6
Let o(s) = -1296*s - 1297*s + 2588*s + 107. Let v be o(10). Let a be 55/3 + 2/3. Calculate the greatest common factor of a and v.
19
Let n be (7 + -1 + 39/(-9))/(3/711). Calculate the greatest common factor of n and 948.
79
Let v = 70 + -47. Let t be (-900)/153 - -6 - (-5)/(-170)*-778. Calculate the greatest common divisor of v and t.
23
Suppose 0 = -43*g + 75 + 742. What is the highest common factor of 31 and g?
1
Suppose 0 = 3*p - 131 - 16. Let d(v) = v**3 - 35*v**2 + 312*v - 18. Let n be d(17). What is the greatest common factor of p and n?
7
Let d(k) = 145*k**2 + k. Let y be d(-1). Let u = -3045 - -3141. What is the highest common factor of u and y?
48
Suppose -23*n + 85 = -299 - 53. Calculate the highest common divisor of 5168 and n.
19
Let g be (0 + 11554)/(1/30*60). Calculate the highest common divisor of 371 and g.
53
Let c(q) = 2*q**2 - 20*q - 4. Let o be c(12). Suppose 0 = -13*b + 47 + o. Suppose -k + b*k = 264. Calculate the greatest common factor of k and 4.
4
Let h(a) = -25*a**3 - 5*a**2 + 8*a + 15. Let b be h(-3). Calculate the greatest common factor of 276 and b.
69
Let c = 372 - 391. Let z be (c/(-57))/((-4)/(-1020)). Calculate the highest common divisor of 221 and z.
17
Suppose 5*c + 2185 = -5*o + 2*o, 0 = -3*o - 15. Suppose 5*f - 4*f = -298. Let i = f - c. What is the greatest common factor of 34 and i?
34
Let x(p) = p**2 - 13*p - 99. Let a be x(18). Let i be 93*(-6 - 57/a). Let m = 39 - 8. What is the greatest common factor of m and i?
31
Let d = -277 - -584. Let v = d - 299. Calculate the highest common divisor of v and 6.
2
Let q = 307 + -304. Suppose 0 = -m - 2*r + 6*r + 103, -2*m + 195 = q*r. What is the highest common divisor of 22 and m?
11
Let q be ((-3)/4)/(63/(-2352)). Calculate the highest common factor of 875 and q.
7
Let a be 13580 + 21 - (-2 - (-5)/(-3 + -2)). Calculate the greatest common factor of 76 and a.
76
Let c(y) = 147*y**2 + 1752*y + 10. Let v be c(-12). Calculate the highest common factor of 49 and v.
7
Let c = -18 - -32. Suppose -5*x + c = -86. Suppose 94 = 2*j - 2*f, 0 = 4*j + 18*f - 14*f - 212. Calculate the greatest common factor of x and j.
10
Let n be 22/4 - 3/(-6). Suppose -h + n*h = 50. Let o = -7991 + 8071. Calculate the greatest common factor of h and o.
10
Let s(j) = -24*j + 8. Let t be s(-3). Let v be 1010/12 + 12/(-72). Suppose 2*n = -n + 4*r + v, 4*n = -r + 131. Calculate the greatest common divisor of n and t.
16
Let k = -64 + 67. Suppose -22*q + k*o = -23*q + 116, 3*q - 336 = -3*o. Calculate the highest common factor of q and 30.
10
Let f be 81/(-2) - 25/(-50). Let x be (-410)/f*(4 + 0). What is the greatest common factor of x and 328?
41
Suppose 812 = 14*r - 5348. Suppose r = 9*s - 20*s. Let d = -16 - s. Calculate the greatest common divisor of d and 72.
24
Suppose 27*g = 17 + 901. Calculate the highest common divisor of g and 238.
34
Let f be (-260)/8 - 2/4. Let a be f/12 + 3 + 782/8. Suppose 110 = 103*r - a*r. What is the highest common factor of 77 and r?
11
Suppose -3*k = -24*k + 19320. Let d = 1453 - k. Calculate the greatest common factor of d and 13.
13
Let a be -3 + (-6 + 81 - -4). Suppose -2*x + 11 = 3. What is the greatest common divisor of x and a?
4
Let m = -180 - -183. Suppose 2*p + 2*p = g, g = m*p + 1. Calculate the greatest common factor of 9 and p.
1
Suppose 0 = 3*q - s - 1 - 10, -5*s = 2*q + 21. Suppose 0 = -q*d + 1 + 23. Suppose -d*m - 252 = -13*m. Calculate the highest common factor of 28 and m.
28
Let o(p) = 18*p + 936. Let h be o(-51). Calculate the highest common divisor of h and 477.
9
Let i be (-2 - (0 - -1))*(18 - 19). Let s be (-10)/((i - 144/(-76)) + -5). What is the greatest common divisor of s and 380?
95
Let a(y) = y**3 - 2*y**2 - y - 4. Let z be a(3). Let f be (-2 - (1 - z)) + 5. Suppose -14*b + 4*b = -40. Calculate the greatest common factor of f and b.
4
Suppose 4*m - 754 = -2*p, 3*p - 196 = -2*m + 179. Let w be (-1)/((-4)/16) + -27. Let b = w - -44. Calculate the highest common divisor of b and m.
21
Let m = 7691 - 5754. Calculate the highest common divisor of 13 and m.
13
Suppose -13 = 4*z - 17. Let x be (z + 1)/((-8)/(-12)). Suppose -4*g + x*a = -159, -2*a + 106 = 4*g - 28. Calculate the greatest common divisor of 54 and g.
18
Suppose -2*d - 10 = -v + 3, 2*d = -8. Suppose -10 + 660 = v*r. What is the greatest common factor of 26 and r?
26
Let n(u) = 342*u + 171. Let i be n(-15). Let a be (-3)/(-8) + i/(-152). Calculate the highest common divisor of a and 11.
11
Suppose -2*d + 973 = -3*r - 32, 0 = -5*d - 3*r + 2544. Calculate the highest common divisor of 52 and d.
13
Suppose 11*y - 33*y + 704 = 0. Let o(b) = -b**3 + 32